{"id":445,"date":"2023-11-05T18:05:12","date_gmt":"2023-11-05T17:05:12","guid":{"rendered":"http:\/\/www.blog.serveurduke.fr\/?page_id=445"},"modified":"2023-11-05T18:09:55","modified_gmt":"2023-11-05T17:09:55","slug":"cyberpi","status":"publish","type":"page","link":"http:\/\/www.blog.serveurduke.fr\/index.php\/cyberpi\/","title":{"rendered":"CYBERPI"},"content":{"rendered":"\n<h2 class=\"wp-block-heading\">TP MORSE<\/h2>\n\n\n\n<p>Objectif : Faire d\u00e9couvrir le morse<\/p>\n\n\n\n<p><\/p>\n\n\n\n<p>1 Cyberpi Emetteur avec un laser sur le port S1. L&rsquo;avantage est d&rsquo;\u00e9viter des probl\u00e8mes de rebonds.<\/p>\n\n\n\n<p>1 Cyberpi R\u00e9cepteur, qui d\u00e9code les impulsions \u00e9mises par le Cyberpi \u00e9metteur.<\/p>\n\n\n\n<p>1 Cyberpi Contr\u00f4leur qui re\u00e7oit de chaque Cyberpi R\u00e9cepteur le mot saisi.<\/p>\n\n\n\n<p><\/p>\n\n\n\n<p>Voici le lien vers les 3 fichiers pour Mblock<\/p>\n\n\n\n<p><a href=\"http:\/\/www.blog.serveurduke.fr\/wp-content\/uploads\/2023\/11\/MORSE_CYBERPI-1.zip\">http:\/\/www.blog.serveurduke.fr\/wp-content\/uploads\/2023\/11\/MORSE_CYBERPI-1.zip<\/a><\/p>\n\n\n\n<p><\/p>\n\n\n\n<p><\/p>\n","protected":false},"excerpt":{"rendered":"<p>TP MORSE Objectif : Faire d\u00e9couvrir le morse 1 Cyberpi Emetteur avec un laser sur le port S1. L&rsquo;avantage est d&rsquo;\u00e9viter des probl\u00e8mes de rebonds. 1 Cyberpi R\u00e9cepteur, qui d\u00e9code les impulsions \u00e9mises par le Cyberpi \u00e9metteur. 1 Cyberpi Contr\u00f4leur<\/p>\n","protected":false},"author":1,"featured_media":0,"parent":0,"menu_order":0,"comment_status":"closed","ping_status":"closed","template":"","meta":{"footnotes":""},"_links":{"self":[{"href":"http:\/\/www.blog.serveurduke.fr\/index.php\/wp-json\/wp\/v2\/pages\/445"}],"collection":[{"href":"http:\/\/www.blog.serveurduke.fr\/index.php\/wp-json\/wp\/v2\/pages"}],"about":[{"href":"http:\/\/www.blog.serveurduke.fr\/index.php\/wp-json\/wp\/v2\/types\/page"}],"author":[{"embeddable":true,"href":"http:\/\/www.blog.serveurduke.fr\/index.php\/wp-json\/wp\/v2\/users\/1"}],"replies":[{"embeddable":true,"href":"http:\/\/www.blog.serveurduke.fr\/index.php\/wp-json\/wp\/v2\/comments?post=445"}],"version-history":[{"count":2,"href":"http:\/\/www.blog.serveurduke.fr\/index.php\/wp-json\/wp\/v2\/pages\/445\/revisions"}],"predecessor-version":[{"id":451,"href":"http:\/\/www.blog.serveurduke.fr\/index.php\/wp-json\/wp\/v2\/pages\/445\/revisions\/451"}],"wp:attachment":[{"href":"http:\/\/www.blog.serveurduke.fr\/index.php\/wp-json\/wp\/v2\/media?parent=445"}],"curies":[{"name":"wp","href":"https:\/\/api.w.org\/{rel}","templated":true}]}}